he third derivative of -k**4/12 + 5*k**3/2 - 99*k**2. Let m be t(-4). What is the highest common divisor of m and 299?
23
Let z be 11205/83 + (0 + 1 + -1 - -1). Calculate the greatest common divisor of 2176 and z.
136
Suppose 0 = -4*y - 3*g + 11104, 28*y = 24*y + 4*g + 11132. Calculate the greatest common divisor of y and 7.
7
Let k = -12286 + 13077. Calculate the greatest common factor of 452 and k.
113
Let q be (25/(300/1488))/(15/13 + -1). What is the greatest common divisor of 1742 and q?
26
Let f(i) = i**3 - 12*i**2 - 51*i + 8. Let s be f(16). Suppose -z = -4*c - 4, -c + 10 = -3*z + 33. Calculate the highest common factor of z and s.
8
Let a be (-27)/(-63) - (-904)/14. Suppose -61*b - 220 = -a*b. What is the greatest common divisor of b and 10?
5
Let j be (-60)/18*36/24. Let u(q) = -q**3 - 2*q**2 - 12. Let c be u(j). What is the greatest common factor of c and 42?
21
Suppose -4*r - 21 = -u, -21*u + r + 11 = -15*u. Calculate the highest common divisor of 5843 and u.
1
Let i(g) = 2*g**2 - 3*g. Let d(v) = v - 1. Let n be d(4). Let y be i(n). Suppose 365*t + 44 = 381*t - 4. What is the highest common factor of y and t?
3
Let c be (-36 - (-2 + -18))/(4/(-10)). Calculate the greatest common divisor of 345 and c.
5
Let g = 46 + -44. Suppose 5*q - 40 = 5*z, -g*q - 5*z + z = -22. What is the highest common divisor of 576 and q?
9
Suppose 17693 = 24*n - 8851. What is the greatest common divisor of n and 1738?
158
Let p = -118 - -161. Let q be (-1)/(-1 - ((-171)/p + 3)). Calculate the highest common factor of q and 43.
43
Suppose i - 40 = -3*l - 0*l, -i = 4*l - 53. Suppose 11 + l = 2*v. Let z be (-80)/v*-3*2. Calculate the greatest common divisor of 40 and z.
40
Let s(q) = -8*q - 91. Let d be s(-13). Let v be 1*(-12*1)/(-4). Suppose v*b - 5*t = 19, -b + 27 + 2 = 4*t. What is the greatest common factor of b and d?
13
Let h = 15625 - 3881. Calculate the highest common divisor of h and 64.
32
Let o(s) = 22*s + 22*s - 20 + 317 - 15*s + 20*s. Let g be o(-6). Let b be ((-5)/5)/(2/(-54)). What is the highest common factor of b and g?
3
Let n be (-4 + 1)*2*7/(-6). Suppose -390 = -n*v + v. Let x = 86 - v. Calculate the greatest common factor of x and 147.
21
Let y = 658 + -468. Let n = 215 - y. Let z = 13 + -8. Calculate the greatest common factor of n and z.
5
Suppose -75 - 486 = -17*g. Suppose 8*k - 301 = -205. What is the greatest common factor of k and g?
3
Let h(g) = 41. Let p(d) = d + 40. Let s(u) = 6*h(u) - 7*p(u). Let z be s(-10). Calculate the greatest common divisor of 396 and z.
36
Let p(f) = 2*f**2 + 25*f - 9. Let m be p(-13). Suppose -15 = -3*z - 3*v, -5*z + m*v = v - 49. What is the greatest common factor of 16 and z?
8
Let l(j) = -18 - j**3 - 17 + 5*j**2 + 12 - 12*j - 14*j**2. Let h be l(-8). Let r be 74 + -1*(-1 - -3). What is the greatest common factor of h and r?
9
Let v be (0 + 1 + 548)*1/3. Let m = v + -111. Suppose -5*p - k + 46 + 2 = 0, -5*p = 4*k - 57. What is the highest common divisor of p and m?
9
Let h(f) = 5*f + 63. Let a be h(-10). Let k be (0 + 5)/(-17 - -22). What is the highest common factor of k and a?
1
Let d(j) = j**2 - 8*j - 110. Let f be d(0). Let a = -97 - f. What is the greatest common divisor of a and 26?
13
Let j(c) = 7*c**2 + 2*c - 10. Let s(w) = w**2 - 8*w - 6. Let k be s(8). Let v be j(k). Calculate the highest common divisor of v and 46.
46
Let r = 348 - 208. Let i be (-4 - r/(-34)) + (-2174)/(-17). Calculate the highest common factor of 16 and i.
16
Let j be (-4)/14 + (-128)/(-56). Suppose -118 = j*a - 556. What is the greatest common divisor of 292 and a?
73
Let o(x) = 8*x**3 - 98*x**2 + 125*x - 9. Let i be o(11). Calculate the greatest common divisor of i and 564.
12
Suppose 4*t = x + x + 170, t - 50 = -x. Let p be 2291/87 - 4/3. Suppose -p = -5*k + 20. Calculate the highest common divisor of k and t.
9
Let p(n) = -2*n + 311. Suppose -3*b + 4*x + 47 = -108, b = x + 50. Let s be p(b). What is the highest common divisor of s and 26?
13
Suppose 3*g = 5*h + 452, 5*g - 760 = 2*h + 3*h. Suppose -3*m - g = -19. Let c be (-1 + -5)/(27/m). What is the highest common factor of c and 35?
5
Suppose -8*r + 18 = -2*r. Suppose -o + 22 = 5*g, 0 = -r*g + 4*o - 3 + 7. Let m be (-67 - -2*2/g)/(-2). What is the highest common factor of 11 and m?
11
Let z be (-2856)/(-10) + 2/5. Suppose 2*i + 28 = u - 2*i, 0 = 5*u + 5*i - 240. Let q be -2*(-568)/u - 2/(-11). Calculate the highest common divisor of q and z.
26
Suppose 0 = 4*a - 4*p - 456, 8*a + 2*p = 5*a + 347. Let z = -232 + 365. Let b = z - a. Calculate the highest common factor of 306 and b.
18
Let p be (41 + 2686/(-68))*(1 + 41). Calculate the highest common factor of p and 1647.
9
Let u be (-3*11)/(2 + -3). Suppose -253 = -0*f + 4*f + 3*l, -f - 4*l = 47. Let p = -56 - f. Calculate the highest common factor of u and p.
11
Let a be 2/72 + (-24606)/(-648). Calculate the highest common divisor of a and 7277.
19
Suppose 53*x - 283*x = -2760. What is the greatest common divisor of x and 22188?
12
Let s be 3 - (-11)/((-99)/1953). Let x = -187 - s. Calculate the greatest common factor of x and 3.
3
Suppose -2*l - 46 + 48 = 0. Let o(b) = 5*b**2 - 29*b + 27. Let q be o(l). Calculate the highest common divisor of q and 237.
3
Let c be 6/(-2)*(-32)/24. Let s(l) = 13*l - 5. Let o be s(c). Let r = 389 - 60. What is the highest common divisor of o and r?
47
Let t = 1873 + -1864. Calculate the highest common divisor of t and 4455.
9
Let m(g) = -g**3 + g**2 + 4*g - 4. Let n be m(3). Let x = 42 + n. Let w = 14 - -114. What is the greatest common divisor of x and w?
32
Suppose -73 - 26 = -4*k - 5*w, -33 = -k - 4*w. Suppose b + 219 = k*z - 17*z, 5*b = 5*z - 255. What is the highest common divisor of 40 and z?
8
Let k(f) = 242*f**2 + 263*f + 2612. Let i be k(-11). Calculate the highest common factor of i and 21.
21
Let y be 49/1*(-61072)/(-2429). What is the greatest common divisor of 7238 and y?
154
Let d be -4 - (4 + -4) - -8. Suppose -3*b - 3*s + 55 = 10, b = -d*s + 24. Calculate the greatest common divisor of b and 588.
12
Let k(v) = 1163*v**3 - v**2 - 9*v + 11. Let t be k(1). Calculate the greatest common divisor of 228 and t.
12
Suppose -2*y + 77*v = 82*v - 2073, -15 = -5*v. What is the highest common factor of y and 119?
7
Let n be (-15)/(6/(-4) - -1). Let g(q) = 3711*q - 66543. Let h be g(18). What is the greatest common factor of h and n?
15
Let a = 1758 + -1746. Calculate the greatest common factor of a and 45.
3
Let l = 6428 + -4349. Calculate the highest common divisor of 14 and l.
7
Let c(b) = b**2 - 19*b - 110. Let s(x) = x**3 + 2*x**2 + 3*x + 11. Let o be s(-3). Let m be c(o). Calculate the greatest common divisor of 48 and m.
24
Let p be (84/196)/(5/70). Calculate the highest common divisor of 29382 and p.
6
Let p(u) = -106*u + 5070. Let w be p(45). What is the greatest common factor of w and 2150?
50
Suppose -3*v = 5*m - 9, 0 = 4*m - 2*v + v - 14. Suppose m*c = 4*c - 13. Suppose 578*j - 600*j + 2002 = 0. What is the greatest common divisor of j and c?
13
Suppose z + 2*h - 111 = 0, 306 = 3*z + 3*h - 18. What is the greatest common divisor of z and 1015?
35
Suppose -19*l + 440 = 3*l. Suppose l*g + 352 = 24*g. Calculate the highest common factor of g and 33.
11
Suppose -11*t + 98 + 42 = 30. What is the greatest common factor of 325 and t?
5
Let a(w) = 15 + 16 + 0*w - 7*w - 9. Let v be a(3). Suppose 0 = -2*i, -o - i + 10 = 2*i. Calculate the greatest common divisor of o and v.
1
Suppose -3*c = 642 + 30. Let y be c/10 - 20/(-50). Let z be (-1)/(-2)*(0 - y). Calculate the highest common divisor of 44 and z.
11
Let p be 2/24 - 4764/144. Let b be ((-1)/2)/(1/102). Let c = p - b. What is the greatest common factor of c and 144?
18
Let i = 109 - 58. Let h(k) = 105*k + 77. Let n be h(10). Let a = -1042 + n. What is the highest common divisor of a and i?
17
Let y = -13267 + 13283. What is the greatest common divisor of 21968 and y?
16
Let n = -6926 + 6941. Suppose 3*o + 0*p - 2*p = 74, 4*o + p = 117. Suppose -11*w + n*w - o = 0. What is the greatest common divisor of w and 56?
7
Let z = -27580 + 27619. What is the greatest common factor of z and 11037?
39
Let q = 277 - 244. Let g be (3 - 2)/(3/33). What is the greatest common factor of g and q?
11
Let n(d) = 6*d**2 + 535*d + 290. Let p be